{"id":1498,"date":"2019-12-18T10:43:41","date_gmt":"2019-12-18T15:43:41","guid":{"rendered":"https:\/\/cursoslazostv.com\/?post_type=product&#038;p=1498"},"modified":"2026-02-02T22:31:06","modified_gmt":"2026-02-03T03:31:06","slug":"me-encontre-con-jesus-ahora-que-sigue-digital-pdf","status":"publish","type":"product","link":"https:\/\/cursoslazostv.com\/index.php\/product\/me-encontre-con-jesus-ahora-que-sigue-digital-pdf\/","title":{"rendered":"\u00a1Me encontr\u00e9 con Jes\u00fas! AHORA \u00bfQU\u00c9 SIGUE? (DIGITAL &#8211; PDF)"},"content":{"rendered":"<div class=\"su-note\"  style=\"border-color:#c6cbcd;border-radius:3px;-moz-border-radius:3px;-webkit-border-radius:3px;\"><div class=\"su-note-inner su-u-clearfix su-u-trim\" style=\"background-color:#e0e5e7;border-color:#ffffff;color:#333333;border-radius:3px;-moz-border-radius:3px;-webkit-border-radius:3px;\"><em>* Los libros que ofrecemos en <strong>LAZOStv.com<\/strong> son en <strong>formato digital-PDF,<\/strong> si deseas comprar este libro en formato f\u00edsico, p\u00eddelo en una de las librer\u00edas de Lazos de Amor Mariano. <strong>(Consulta <a href=\"http:\/\/www.lazosdeamormariano.net\/donde-estamos\" rel=\"noopener noreferrer\" target=\"_blank\">AQU\u00cd<\/a> la m\u00e1s cercana)<\/strong><\/em><\/div><\/div>\n<p>\u00a1Acabas de tener un encuentro con el Se\u00f1or! La semilla del Evangelio ha sido sembrada en tu coraz\u00f3n (cf. Mt 13,3-23) y has experimentado las delicias del camino espiritual. El Se\u00f1or se derram\u00f3 en gracias abundantes\u2026 \u00a1Y todav\u00eda no terminas de enterarte de las bendiciones que recibir\u00e1 tu familia! \u00abPor tanto, el que est\u00e1 en Cristo, es una nueva creaci\u00f3n; pas\u00f3 lo viejo, todo es nuevo\u00bb (2 Cor 5,17).<\/p>\n<p>Sin embargo, sabemos que tienes preguntas, muchas preguntas. Te queremos ayudar d\u00e1ndote luces sobre algunas cuestiones que te ir\u00e1n surgiendo a lo largo de estos d\u00edas. Tratamos de recopilar las preguntas m\u00e1s frecuentes, que nos han referido personas que han participado en retiros espirituales o que por alg\u00fan encuentro con el Se\u00f1or han comenzado un proceso de conversi\u00f3n.<\/p>\n<p>El libro supone un kerigma previo, es decir, haber tenido un encuentro con el Se\u00f1or a trav\u00e9s de un anuncio del Evangelio, aunque en su acci\u00f3n lib\u00e9rrima Dios pueda usar estas humildes l\u00edneas como introducci\u00f3n a este. Normalmente este inicio de conversi\u00f3n se da en un retiro espiritual, en un grupo de oraci\u00f3n, en una predicaci\u00f3n, en un congreso, en una oraci\u00f3n fuerte o en alg\u00fan otro momento de gracia. Si es que no has vivido todav\u00eda este \u00abprimer encuentro con el Se\u00f1or\u00bb te invito a que lo hagas. Creo que un buen retiro de conversi\u00f3n te ser\u00eda muy provechoso.<\/p>\n","protected":false},"excerpt":{"rendered":"<p>Te queremos ayudar d\u00e1ndote luces sobre algunas cuestiones que te ir\u00e1n surgiendo a lo largo de estos d\u00edas. Tratamos de recopilar las preguntas m\u00e1s frecuentes, que nos han referido personas que han participado en retiros espirituales o que por alg\u00fan encuentro con el Se\u00f1or han comenzado un proceso de conversi\u00f3n.<\/p>\n","protected":false},"featured_media":1508,"comment_status":"open","ping_status":"closed","template":"","meta":[],"product_brand":[],"product_cat":[18],"product_tag":[],"class_list":{"0":"post-1498","1":"product","2":"type-product","3":"status-publish","4":"has-post-thumbnail","6":"product_cat-libros-virtuales-pdf","8":"first","9":"instock","10":"downloadable","11":"virtual","12":"purchasable","13":"product-type-simple"},"_links":{"self":[{"href":"https:\/\/cursoslazostv.com\/index.php\/wp-json\/wp\/v2\/product\/1498","targetHints":{"allow":["GET"]}}],"collection":[{"href":"https:\/\/cursoslazostv.com\/index.php\/wp-json\/wp\/v2\/product"}],"about":[{"href":"https:\/\/cursoslazostv.com\/index.php\/wp-json\/wp\/v2\/types\/product"}],"replies":[{"embeddable":true,"href":"https:\/\/cursoslazostv.com\/index.php\/wp-json\/wp\/v2\/comments?post=1498"}],"wp:featuredmedia":[{"embeddable":true,"href":"https:\/\/cursoslazostv.com\/index.php\/wp-json\/wp\/v2\/media\/1508"}],"wp:attachment":[{"href":"https:\/\/cursoslazostv.com\/index.php\/wp-json\/wp\/v2\/media?parent=1498"}],"wp:term":[{"taxonomy":"product_brand","embeddable":true,"href":"https:\/\/cursoslazostv.com\/index.php\/wp-json\/wp\/v2\/product_brand?post=1498"},{"taxonomy":"product_cat","embeddable":true,"href":"https:\/\/cursoslazostv.com\/index.php\/wp-json\/wp\/v2\/product_cat?post=1498"},{"taxonomy":"product_tag","embeddable":true,"href":"https:\/\/cursoslazostv.com\/index.php\/wp-json\/wp\/v2\/product_tag?post=1498"}],"curies":[{"name":"wp","href":"https:\/\/api.w.org\/{rel}","templated":true}]}}