{"id":4085,"date":"2020-10-15T15:43:10","date_gmt":"2020-10-15T20:43:10","guid":{"rendered":"https:\/\/cursoslazostv.com\/?post_type=product&#038;p=4085"},"modified":"2023-06-04T11:06:03","modified_gmt":"2023-06-04T16:06:03","slug":"curso-virtual-charlas-para-matrimonio","status":"publish","type":"product","link":"https:\/\/cursoslazostv.com\/index.php\/product\/curso-virtual-charlas-para-matrimonio\/","title":{"rendered":"Curso VIRTUAL (((GRATUITO))) \u00abCharlas para Matrimonio\u00bb"},"content":{"rendered":"<p>Es un Espacio especial para los Matrimonios en el que a trav\u00e9s de 7 temas puntuales hablaremos sobre el AMOR conyugal. AMOR&#8230; que en ocasiones creemos saber definir muy bien, pero que profundizando en el tema nos damos cuenta que realmente es m\u00e1s los que nos falta por conocer.<\/p>\n<p>El curso de <strong>\u201cCharlas para Matrimonio\u201d<\/strong> Es un curso dictado por <strong>Wilson Tamayo,<\/strong> laico cat\u00f3lico colombiano. Te\u00f3logo de la Universidad Cat\u00f3lica de Oriente (Rionegro &#8211; Antioquia) e Ingeniero Inform\u00e1tico del Polit\u00e9cnico JIC (Medell\u00edn). Escritor de varios libros. Conferencista y Predicador de Retiros Espirituales. Subdirector general del Movimiento <strong>Lazos de Amor Mariano.<\/strong> <em>Consagrado a Jes\u00fas por Mar\u00eda seg\u00fan el m\u00e9todo de San Luis de Montfort.<\/em><\/p>\n<p>El curso Consta de <strong>7 charlas<\/strong> a las que puedes acceder de manera Virtual en VIDEO.<\/p>\n<p><strong>Aqu\u00ed puedes ver un poco de qu\u00e9 se trata el curso:<\/strong><br \/>\n<div class=\"su-youtube su-u-responsive-media-yes\"><iframe loading=\"lazy\" width=\"100%\" height=\"400\" src=\"https:\/\/www.youtube.com\/embed\/FviKtibCgCk?\" frameborder=\"0\" allowfullscreen allow=\"autoplay; encrypted-media; picture-in-picture\" title=\"\"><\/iframe><\/div>\n<p><strong>Estas son las charlas que contiene el Curso:<\/strong><\/p>\n<p>1. Amor de Dios en la Pareja.<\/a><br \/>\n2. Peligro de la Soberbia Conyugal.<br \/>\n3. Peligro de la Avaricia Conyugal.<br \/>\n4. Peligro de la Lujuria Conyugal.<br \/>\n5. Lo que Dios ten\u00eda Preparado para mi.<br \/>\n6. Siete principios para un hogar Feliz.<br \/>\n7. La Misi\u00f3n Conyugal.<\/p>\n<a href=\"https:\/\/cursoslazostv.com\/index.php\/curso-charlas-para-matrimonio\/\" class=\"su-button su-button-style-3d\" style=\"color:#FFFFFF;background-color:#00b5ca;border-color:#0091a2;border-radius:11px\" target=\"_self\"><span style=\"color:#FFFFFF;padding:9px 28px;font-size:21px;line-height:32px;border-color:#4dccda;border-radius:11px;text-shadow:none\"><i class=\"sui sui-cut-key\" style=\"font-size:21px;color:#FFFFFF\"><\/i> ACCEDER<\/span><\/a>\n.<br \/>\n<strong>M\u00e1s informaci\u00f3n:<\/strong><br \/>\nWhatsApp <a href=\"http:\/\/wa.me\/+573004011900\" rel=\"noopener noreferrer\" target=\"_blank\">+573004011900<\/a><\/p>\n<div class=\"su-spoiler su-spoiler-style-default su-spoiler-icon-plus su-spoiler-closed\" data-scroll-offset=\"0\" data-anchor-in-url=\"no\"><div class=\"su-spoiler-title\" tabindex=\"0\" role=\"button\"><span class=\"su-spoiler-icon\"><\/span>\u00bfPorqu\u00e9 cobramos estos cursos?<\/div><div class=\"su-spoiler-content su-u-clearfix su-u-trim\">\nLa producci\u00f3n de todo el material audiovisual con el que cuenta <strong>Lazos Producciones<\/strong> tiene un costo <em>(Mantenimiento de equipos, log\u00edstica de grabaci\u00f3n y edici\u00f3n, plataformas de almacenamiento y distribuci\u00f3n en la nube, etc.)<\/em><\/p>\n<p>Tenemos al rededor de <strong>2.000 Videos<\/strong> en nuestro canal de <strong>YouTube:<\/strong> <a href=\"https:\/\/www.youtube.com\/user\/lazosnet\/playlists\">https:\/\/www.youtube.com\/user\/lazosnet\/playlists<\/a> y unos <strong>1000 Videos<\/strong> en el sitio para Misioneros. <strong>A todos estos se puede acceder de manera gratuita.<\/strong><\/p>\n<p>El dinero que recogemos con la venta de estos cursos virtuales ayudan al sostenimiento de la Productora y el canal <strong>lazostv.com<\/strong> <em>(24 horas de programaci\u00f3n)<\/em> La donaci\u00f3n que las personas hacen al comprar estos cursos ayudan al trabajo de evangelizaci\u00f3n que se hace en los medios de comunicaci\u00f3n. <\/p>\n<p>Hemos intentado recoger donaciones para poder subsidiar los gastos de la productora y no tener que cobrar estos cursos, pero ha siso dif\u00edcil alcanzar lo que mes a mes hay que pagar&#8230; <strong>Bendito Dios&#8230; pero bueno&#8230; en el tiempo de Dios podremos hacerlo<\/strong> Nos encomendamos en tus oraciones!<br \/>\n<\/div><\/div>\n","protected":false},"excerpt":{"rendered":"<p>Es un Espacio especial para los Matrimonios en el que a trav\u00e9s de 7 temas puntuales hablaremos sobre el AMOR conyugal. AMOR&#8230; que en ocasiones creemos saber definir muy bien, pero que profundizando en el tema nos damos cuenta que realmente es m\u00e1s los que nos falta por conocer.<\/p>\n[su_button url=\"https:\/\/cursoslazostv.com\/index.php\/curso-charlas-para-matrimonio\/\" style=\"3d\" background=\"#00b5ca\" size=\"9\" icon=\"icon: cut-key\"]ACCEDER[\/su_button]\n","protected":false},"featured_media":4086,"comment_status":"open","ping_status":"closed","template":"","meta":[],"product_brand":[],"product_cat":[22],"product_tag":[],"class_list":{"0":"post-4085","1":"product","2":"type-product","3":"status-publish","4":"has-post-thumbnail","6":"product_cat-contenido-gratuito-free","8":"first","9":"instock","10":"downloadable","11":"shipping-taxable","12":"purchasable","13":"product-type-simple"},"_links":{"self":[{"href":"https:\/\/cursoslazostv.com\/index.php\/wp-json\/wp\/v2\/product\/4085","targetHints":{"allow":["GET"]}}],"collection":[{"href":"https:\/\/cursoslazostv.com\/index.php\/wp-json\/wp\/v2\/product"}],"about":[{"href":"https:\/\/cursoslazostv.com\/index.php\/wp-json\/wp\/v2\/types\/product"}],"replies":[{"embeddable":true,"href":"https:\/\/cursoslazostv.com\/index.php\/wp-json\/wp\/v2\/comments?post=4085"}],"wp:featuredmedia":[{"embeddable":true,"href":"https:\/\/cursoslazostv.com\/index.php\/wp-json\/wp\/v2\/media\/4086"}],"wp:attachment":[{"href":"https:\/\/cursoslazostv.com\/index.php\/wp-json\/wp\/v2\/media?parent=4085"}],"wp:term":[{"taxonomy":"product_brand","embeddable":true,"href":"https:\/\/cursoslazostv.com\/index.php\/wp-json\/wp\/v2\/product_brand?post=4085"},{"taxonomy":"product_cat","embeddable":true,"href":"https:\/\/cursoslazostv.com\/index.php\/wp-json\/wp\/v2\/product_cat?post=4085"},{"taxonomy":"product_tag","embeddable":true,"href":"https:\/\/cursoslazostv.com\/index.php\/wp-json\/wp\/v2\/product_tag?post=4085"}],"curies":[{"name":"wp","href":"https:\/\/api.w.org\/{rel}","templated":true}]}}