{"id":685,"date":"2019-12-19T22:02:19","date_gmt":"2019-12-20T03:02:19","guid":{"rendered":"https:\/\/cursoslazostv.com\/?post_type=product&#038;p=685"},"modified":"2026-03-10T13:45:19","modified_gmt":"2026-03-10T18:45:19","slug":"el-alma-de-todo-apostolado","status":"publish","type":"product","link":"https:\/\/cursoslazostv.com\/index.php\/product\/el-alma-de-todo-apostolado\/","title":{"rendered":"El alma de todo Apostolado (DIGITAL &#8211; PDF)"},"content":{"rendered":"<div class=\"su-note\"  style=\"border-color:#c6cbcd;border-radius:3px;-moz-border-radius:3px;-webkit-border-radius:3px;\"><div class=\"su-note-inner su-u-clearfix su-u-trim\" style=\"background-color:#e0e5e7;border-color:#ffffff;color:#333333;border-radius:3px;-moz-border-radius:3px;-webkit-border-radius:3px;\"><em>* Los libros que ofrecemos en <strong>LAZOStv.com<\/strong> son en <strong>formato digital-PDF,<\/strong> si deseas comprar este libro en formato f\u00edsico, p\u00eddelo en una de las librer\u00edas de Lazos de Amor Mariano. <strong>(Consulta <a href=\"http:\/\/www.lazosdeamormariano.net\/donde-estamos\" rel=\"noopener noreferrer\" target=\"_blank\">AQU\u00cd<\/a> la m\u00e1s cercana)<\/strong><\/em><\/div><\/div>\n<p>El lector encontrar\u00e1 en el libro una gran idea: la vida de un cristiano no tiene sentido si no cumple el mandato de Cristo de acercar a Dios a sus iguales. El autor se propuso la tarea de poner de relieve que el cristiano no ser\u00eda buen cristiano a menos que se volcara en una presencia activa en medio de los hombres y en la sociedad misma; pero, por otra parte, llegar\u00eda indefectiblemente al propio agostamiento, si no atendiera al cuidado de su propia alma, es decir, si no tuviese la continua preocupaci\u00f3n de estar unido a la vida, de la cual \u00e9l es s\u00f3lo un sarmiento. Los frutos dependen de esta uni\u00f3n, pues, sin la savia, el sarmiento se seca.<\/p>\n<p>Aut\u00f3grafo de su santidad Benedicto XV al autor&#8230;&#8230;&#8230;&#8230;9<br \/>\nPr\u00f3logo&#8230;&#8230;&#8230;&#8230;&#8230;&#8230;&#8230;&#8230;&#8230;&#8230;&#8230;&#8230;&#8230;&#8230;&#8230;&#8230;&#8230;&#8230;&#8230;&#8230;&#8230;&#8230;&#8230;&#8230;&#8230;&#8230;..11<\/p>\n<p>PRIMERA PARTE<br \/>\nDios quiere las obras y la Vida Interior&#8230;&#8230;&#8230;&#8230;&#8230;&#8230;&#8230;..15<br \/>\n1. Las obras y, por tanto, el cielo, son queridos por Dios&#8230;17<br \/>\n2. Dios quiere que Jes\u00fas sea la vida de las obras&#8230;&#8230;&#8230;&#8230;&#8230;22<br \/>\n3. Qu\u00e9 es la Vida Interior &#8230;&#8230;&#8230;&#8230;&#8230;&#8230;&#8230;&#8230;&#8230;&#8230;&#8230;&#8230;&#8230;&#8230;&#8230;&#8230;..27<br \/>\n4. Qu\u00e9 desconocida es esta Vida Interior &#8230;&#8230;&#8230;&#8230;&#8230;&#8230;&#8230;&#8230;..38<br \/>\n5. Respuesta a esta primera objeci\u00f3n: \u00bfla Vida Interior<br \/>\nes inactiva?&#8230;&#8230;&#8230;&#8230;&#8230;&#8230;&#8230;&#8230;&#8230;&#8230;&#8230;&#8230;&#8230;&#8230;&#8230;&#8230;&#8230;&#8230;&#8230;&#8230;&#8230;&#8230;&#8230;&#8230;..42<br \/>\n6. Respuesta a esta segunda objeci\u00f3n: \u00bfla Vida Interior es<br \/>\nego\u00edsta?&#8230;&#8230;&#8230;&#8230;&#8230;&#8230;&#8230;&#8230;&#8230;&#8230;&#8230;&#8230;&#8230;&#8230;&#8230;&#8230;&#8230;&#8230;&#8230;&#8230;&#8230;&#8230;&#8230;&#8230;&#8230;&#8230;..50<br \/>\n7. Objeci\u00f3n sacada de la importancia de la salvaci\u00f3n de<br \/>\nlas almas &#8230;&#8230;&#8230;&#8230;&#8230;&#8230;&#8230;&#8230;&#8230;&#8230;&#8230;&#8230;&#8230;&#8230;&#8230;&#8230;&#8230;&#8230;&#8230;&#8230;&#8230;&#8230;&#8230;&#8230;&#8230;..58<\/p>\n<p>SEGUNDA PARTE<br \/>\nUni\u00f3n de la vida activa y de la Vida Interior&#8230;&#8230;&#8230;&#8230;&#8230;63<br \/>\n1. Prioridad de la Vida Interior sobre la activa a los ojos<br \/>\nde Dios &#8230;&#8230;&#8230;&#8230;&#8230;&#8230;&#8230;&#8230;&#8230;&#8230;&#8230;&#8230;&#8230;&#8230;&#8230;&#8230;&#8230;&#8230;&#8230;&#8230;&#8230;&#8230;&#8230;&#8230;&#8230;&#8230;..65<br \/>\n2. Las obras deben ser el desbordamiento de la Vida<br \/>\nInterior&#8230;&#8230;&#8230;&#8230;&#8230;&#8230;&#8230;&#8230;&#8230;&#8230;&#8230;&#8230;&#8230;&#8230;&#8230;&#8230;&#8230;&#8230;&#8230;&#8230;&#8230;&#8230;&#8230;&#8230;&#8230;&#8230;..70<br \/>\n3. La base, el fin y los medios de toda obra deben estar<br \/>\nimpregnados de la Vida Interior &#8230;&#8230;&#8230;&#8230;&#8230;&#8230;&#8230;&#8230;&#8230;&#8230;&#8230;&#8230;..73<br \/>\n4. La Vida Interior y la vida activa se reclaman<br \/>\nmutuamente&#8230;&#8230;&#8230;&#8230;&#8230;&#8230;&#8230;&#8230;&#8230;&#8230;&#8230;&#8230;&#8230;&#8230;&#8230;&#8230;&#8230;&#8230;&#8230;&#8230;&#8230;&#8230;&#8230;&#8230;78<br \/>\n5. Excelencia de esa uni\u00f3n&#8230;&#8230;&#8230;&#8230;&#8230;&#8230;&#8230;&#8230;&#8230;&#8230;&#8230;&#8230;&#8230;&#8230;&#8230;&#8230;&#8230;84<\/p>\n<p>TERCERA PARTE<br \/>\nLa vida activa, llena de peligros sin la Vida Interior,<br \/>\nasegura con ella el progreso en la virtud&#8230;&#8230;&#8230;&#8230;&#8230;&#8230;&#8230;87<br \/>\n1. Las obras, medios de santificaci\u00f3n, para las almas<br \/>\ninteriores, son un peligro para la salvaci\u00f3n de las que no<br \/>\nlo son&#8230;&#8230;&#8230;&#8230;&#8230;&#8230;&#8230;&#8230;&#8230;&#8230;&#8230;&#8230;&#8230;&#8230;&#8230;&#8230;&#8230;&#8230;&#8230;&#8230;&#8230;&#8230;&#8230;&#8230;&#8230;&#8230;&#8230;..89<br \/>\n2. Del hombre de obras, sin la Vida Interior&#8230;&#8230;&#8230;&#8230;&#8230;&#8230;96<br \/>\n3. La Vida Interior, base de la santidad del obrero<br \/>\napost\u00f3lico&#8230;&#8230;&#8230;&#8230;&#8230;&#8230;&#8230;&#8230;&#8230;&#8230;&#8230;&#8230;&#8230;&#8230;&#8230;&#8230;&#8230;&#8230;&#8230;&#8230;&#8230;&#8230;&#8230;&#8230;..110<\/p>\n<p>CUARTA PARTE<br \/>\nFecundidad de las obras por la Vida Interior&#8230;&#8230;&#8230;&#8230;&#8230;.129<br \/>\n1. La Vida Interior es para las obras la condici\u00f3n de su<br \/>\nfecundidad&#8230;&#8230;&#8230;&#8230;&#8230;&#8230;&#8230;&#8230;&#8230;&#8230;&#8230;&#8230;&#8230;&#8230;&#8230;&#8230;&#8230;&#8230;&#8230;&#8230;&#8230;&#8230;&#8230;&#8230;131<\/p>\n<p>QUINTA PARTE<br \/>\nAlgunos principios y avisos para la Vida Interior&#8230;&#8230;.191<br \/>\n1. Consejos a los hombres de obras para la Vida Interior&#8230;..193<br \/>\n2. La oraci\u00f3n, elemento indispensable de la Vida Interior y,<br \/>\npor consiguiente, del apostolado&#8230;&#8230;&#8230;&#8230;&#8230;&#8230;&#8230;&#8230;&#8230;&#8230;&#8230;&#8230;198<br \/>\n3. La vida lit\u00fargica, manantial de Vida Interior, y, por<br \/>\ntanto, de apostolado&#8230;&#8230;&#8230;&#8230;&#8230;&#8230;&#8230;&#8230;&#8230;&#8230;&#8230;&#8230;&#8230;&#8230;&#8230;&#8230;&#8230;&#8230;&#8230;221<br \/>\n4. La guarda del coraz\u00f3n, clave de la Vida Interior y, por<br \/>\ntanto, esencial para el apostolado&#8230;&#8230;&#8230;&#8230;&#8230;&#8230;&#8230;&#8230;&#8230;&#8230;&#8230;&#8230;273<br \/>\n5. Necesidad que tiene el ap\u00f3stol de una ardiente devoci\u00f3n<br \/>\na Mar\u00eda Inmaculada&#8230;&#8230;&#8230;&#8230;&#8230;&#8230;&#8230;&#8230;&#8230;&#8230;&#8230;&#8230;&#8230;&#8230;&#8230;&#8230;&#8230;&#8230;&#8230;288<br \/>\nEp\u00edlogo&#8230;&#8230;&#8230;&#8230;&#8230;&#8230;&#8230;&#8230;&#8230;&#8230;&#8230;&#8230;&#8230;&#8230;&#8230;&#8230;&#8230;&#8230;&#8230;&#8230;&#8230;&#8230;&#8230;&#8230;&#8230;&#8230;297<\/p>\n","protected":false},"excerpt":{"rendered":"<p>Obra \u00fatil para fundar en la Vida Interior el trabajo del apostolado.<br \/>\nBendecida y recomendada por su santidad Benedicto XV Con licencia eclesi\u00e1stica.<\/p>\n","protected":false},"featured_media":687,"comment_status":"open","ping_status":"closed","template":"","meta":[],"product_brand":[],"product_cat":[18],"product_tag":[],"class_list":{"0":"post-685","1":"product","2":"type-product","3":"status-publish","4":"has-post-thumbnail","6":"product_cat-libros-virtuales-pdf","8":"first","9":"instock","10":"downloadable","11":"virtual","12":"purchasable","13":"product-type-simple"},"_links":{"self":[{"href":"https:\/\/cursoslazostv.com\/index.php\/wp-json\/wp\/v2\/product\/685","targetHints":{"allow":["GET"]}}],"collection":[{"href":"https:\/\/cursoslazostv.com\/index.php\/wp-json\/wp\/v2\/product"}],"about":[{"href":"https:\/\/cursoslazostv.com\/index.php\/wp-json\/wp\/v2\/types\/product"}],"replies":[{"embeddable":true,"href":"https:\/\/cursoslazostv.com\/index.php\/wp-json\/wp\/v2\/comments?post=685"}],"wp:featuredmedia":[{"embeddable":true,"href":"https:\/\/cursoslazostv.com\/index.php\/wp-json\/wp\/v2\/media\/687"}],"wp:attachment":[{"href":"https:\/\/cursoslazostv.com\/index.php\/wp-json\/wp\/v2\/media?parent=685"}],"wp:term":[{"taxonomy":"product_brand","embeddable":true,"href":"https:\/\/cursoslazostv.com\/index.php\/wp-json\/wp\/v2\/product_brand?post=685"},{"taxonomy":"product_cat","embeddable":true,"href":"https:\/\/cursoslazostv.com\/index.php\/wp-json\/wp\/v2\/product_cat?post=685"},{"taxonomy":"product_tag","embeddable":true,"href":"https:\/\/cursoslazostv.com\/index.php\/wp-json\/wp\/v2\/product_tag?post=685"}],"curies":[{"name":"wp","href":"https:\/\/api.w.org\/{rel}","templated":true}]}}