{"id":691,"date":"2019-12-20T19:41:55","date_gmt":"2019-12-21T00:41:55","guid":{"rendered":"https:\/\/cursoslazostv.com\/?post_type=product&#038;p=691"},"modified":"2026-03-10T13:46:16","modified_gmt":"2026-03-10T18:46:16","slug":"la-imitacion-de-cristo","status":"publish","type":"product","link":"https:\/\/cursoslazostv.com\/index.php\/product\/la-imitacion-de-cristo\/","title":{"rendered":"La imitaci\u00f3n de Cristo (DIGITAL &#8211; PDF)"},"content":{"rendered":"<div class=\"su-note\"  style=\"border-color:#c6cbcd;border-radius:3px;-moz-border-radius:3px;-webkit-border-radius:3px;\"><div class=\"su-note-inner su-u-clearfix su-u-trim\" style=\"background-color:#e0e5e7;border-color:#ffffff;color:#333333;border-radius:3px;-moz-border-radius:3px;-webkit-border-radius:3px;\"><em>* Los libros que ofrecemos en <strong>LAZOStv.com<\/strong> son en <strong>formato digital-PDF,<\/strong> si deseas comprar este libro en formato f\u00edsico, p\u00eddelo en una de las librer\u00edas de Lazos de Amor Mariano. <strong>(Consulta <a href=\"http:\/\/www.lazosdeamormariano.net\/donde-estamos\" rel=\"noopener noreferrer\" target=\"_blank\">AQU\u00cd<\/a> la m\u00e1s cercana)<\/strong><\/em><\/div><\/div>\n<p>Este libro que tienes en tus manos fue escrito hace m\u00e1s de 500 a\u00f1os; varias d\u00e9cadas antes de que se difundiera la imprenta. Por lo tanto, al principio se hicieron copias manuscritas, algunas de las cuales se encuentran en diversas bibliotecas.<\/p>\n<p>La primera edici\u00f3n est\u00e1 fechada en 1473, dos a\u00f1os despu\u00e9s de la muerte del autor, y 19 a\u00f1os antes de la llegada de Col\u00f3n a Am\u00e9rica. En los 25 a\u00f1os siguientes, se hicieron 99 ediciones, y hasta la actualidad, la Historia del Mundo de Salvat contabilizaba m\u00e1s de 3000 ediciones. Posiblemente s\u00f3lo ha sido superado por la Biblia en cuanto al n\u00famero de ediciones.<\/p>\n<p>El autor fue un monje alem\u00e1n llamado Tom\u00e1s Haemerken m\u00e1s conocido como Tom\u00e1s de Kempis, nacido en 1379 en Kempen, un pueblo del electorado de Colonia. Hacia los 18 a\u00f1os ingres\u00f3 en el monasterio de los Can\u00f3nigos Regulares de San Agust\u00edn, en la Ciudad de Agnetenberg, que m\u00e1s tarde, durante la Reforma, fue destruido.<\/p>\n<p>Introducci\u00f3n&#8230;&#8230;&#8230;&#8230;&#8230;&#8230;&#8230;&#8230;&#8230;&#8230;&#8230;&#8230;&#8230;&#8230;&#8230;&#8230;&#8230;&#8230;&#8230;&#8230;&#8230;&#8230;&#8230;&#8230;.11<\/p>\n<p>LIBRO PRIMERO:<br \/>\nAVISOS PROVECHOSOS<br \/>\nPARA LA VIDA ESPIRITUAL&#8230;&#8230;&#8230;&#8230;&#8230;&#8230;&#8230;&#8230;&#8230;&#8230;&#8230;&#8230;17<br \/>\nCap\u00edtulo 1: La imitaci\u00f3n de Cristo&#8230;&#8230;&#8230;&#8230;&#8230;&#8230;&#8230;&#8230;&#8230;&#8230;&#8230;.19<br \/>\nCap\u00edtulo 2: El bajo aprecio de s\u00ed mismo&#8230;&#8230;&#8230;&#8230;&#8230;&#8230;&#8230;&#8230;.21<br \/>\nCap\u00edtulo 3: La doctrina de la verdad&#8230;&#8230;&#8230;&#8230;&#8230;&#8230;&#8230;&#8230;&#8230;&#8230;.23<br \/>\nCap\u00edtulo 4: La prudencia en las acciones&#8230;&#8230;&#8230;&#8230;&#8230;&#8230;&#8230;..27<br \/>\nCap\u00edtulo 5: La lecci\u00f3n de las Santas Escrituras&#8230;&#8230;&#8230;&#8230;..28<br \/>\nCap\u00edtulo 6: Los deseos desordenados&#8230;&#8230;&#8230;&#8230;&#8230;&#8230;&#8230;&#8230;&#8230;..29<br \/>\nCap\u00edtulo 7: Se debe huir de la vana esperanza&#8230;&#8230;&#8230;&#8230;&#8230;31<br \/>\nCap\u00edtulo 8: Se debe evitar la excesiva familiaridad&#8230;&#8230;.33<br \/>\nCap\u00edtulo 9: La obediencia y sujeci\u00f3n&#8230;&#8230;&#8230;&#8230;&#8230;&#8230;&#8230;&#8230;&#8230;&#8230;34<br \/>\nCap\u00edtulo 10: Se debe disminuir el hablar demasiado&#8230;&#8230;36<br \/>\nCap\u00edtulo 11: C\u00f3mo se debe adquirir la paz&#8230;&#8230;&#8230;&#8230;&#8230;&#8230;&#8230;.38<br \/>\nCap\u00edtulo 12: El provecho de las adversidades&#8230;&#8230;&#8230;&#8230;&#8230;&#8230;41<br \/>\nCap\u00edtulo 13: C\u00f3mo se debe resistir a las tentaciones&#8230;&#8230;43<br \/>\nCap\u00edtulo 14: Se deben evitar los juicios temerarios&#8230;&#8230;..48<br \/>\nCap\u00edtulo 15: Las obras hechas por caridad&#8230;&#8230;&#8230;&#8230;&#8230;&#8230;&#8230;.50<br \/>\nCap\u00edtulo 16: Sobrellevar los defectos ajenos&#8230;&#8230;&#8230;&#8230;&#8230;&#8230;..52<br \/>\nCap\u00edtulo 17: La vida mon\u00e1stica&#8230;&#8230;&#8230;&#8230;&#8230;&#8230;&#8230;&#8230;&#8230;&#8230;&#8230;&#8230;&#8230;..54<br \/>\nCap\u00edtulo 18: Los ejemplos de los Santos Padres&#8230;&#8230;&#8230;&#8230;..56<br \/>\nCap\u00edtulo 19: Los ejercicios del hombre espiritual&#8230;&#8230;&#8230;..60<br \/>\nCap\u00edtulo 20: El amor a la soledad y al silencio&#8230;&#8230;&#8230;&#8230;&#8230;..65<br \/>\nCap\u00edtulo 21: La compunci\u00f3n del coraz\u00f3n&#8230;&#8230;&#8230;&#8230;&#8230;&#8230;&#8230;&#8230;.70<br \/>\nCap\u00edtulo 22: Consideraci\u00f3n de la miseria humana&#8230;&#8230;&#8230;74<br \/>\nCap\u00edtulo 23: La meditaci\u00f3n de la muerte&#8230;&#8230;&#8230;&#8230;&#8230;&#8230;&#8230;&#8230;.78<br \/>\nCap\u00edtulo 24: El juicio y penas de los pecadores&#8230;&#8230;&#8230;&#8230;&#8230;83<br \/>\nCap\u00edtulo 25: La fervorosa enmienda de nuestra vida&#8230;..88<\/p>\n<p>LIBRO SEGUNDO:<br \/>\nAVISOS PARA EL TRATO INTERIOR&#8230;&#8230;&#8230;&#8230;&#8230;&#8230;&#8230;.95<br \/>\nCap\u00edtulo 1: La conversi\u00f3n interior&#8230;&#8230;&#8230;&#8230;&#8230;&#8230;&#8230;&#8230;&#8230;&#8230;&#8230;..97<br \/>\nCap\u00edtulo 2: La humilde sumisi\u00f3n&#8230;&#8230;&#8230;&#8230;&#8230;&#8230;&#8230;&#8230;&#8230;&#8230;&#8230;.103<br \/>\nCap\u00edtulo 3: El hombre bueno y pac\u00edfico&#8230;&#8230;&#8230;&#8230;&#8230;&#8230;&#8230;..105<br \/>\nCap\u00edtulo 4: El coraz\u00f3n puro y sencilla intenci\u00f3n&#8230;&#8230;..108<br \/>\nCap\u00edtulo 5: La consideraci\u00f3n de s\u00ed mismo&#8230;&#8230;&#8230;&#8230;&#8230;&#8230;.110<br \/>\nCap\u00edtulo 6: La alegr\u00eda de la buena conciencia&#8230;&#8230;&#8230;&#8230;..112<br \/>\nCap\u00edtulo 7: El amor a Jes\u00fas sobre todas las cosas&#8230;&#8230;..114<br \/>\nCap\u00edtulo 8: La familiar amistad con Jes\u00fas&#8230;&#8230;&#8230;&#8230;&#8230;&#8230;..116<br \/>\nCap\u00edtulo 9: La ausencia de toda consolaci\u00f3n&#8230;&#8230;&#8230;&#8230;&#8230;119<br \/>\nCap\u00edtulo 10: Agradecimiento por la gracia de Dios&#8230;&#8230;125<br \/>\nCap\u00edtulo 11: Cu\u00e1n pocos son los que aman la Cruz&#8230;&#8230;129<br \/>\nCap\u00edtulo 12: El camino real de la Santa Cruz&#8230;&#8230;&#8230;&#8230;&#8230;.133<\/p>\n<p>LIBRO TERCERO:<br \/>\nLA VOZ INTERIOR DE CRISTO&#8230;&#8230;&#8230;&#8230;&#8230;&#8230;&#8230;&#8230;&#8230;..143<br \/>\nCap\u00edtulo 1: La voz interior de Cristo al alma fiel&#8230;&#8230;&#8230;145<br \/>\nCap\u00edtulo 2: C\u00f3mo la verdad habla dentro del alma&#8230;.147<br \/>\nCap\u00edtulo 3: Las palabras de Dios<br \/>\n se deben o\u00edr con humildad&#8230;&#8230;&#8230;&#8230;&#8230;&#8230;&#8230;.149<br \/>\nCap\u00edtulo 4: Debemos conversar<br \/>\n con verdad y humildad&#8230;&#8230;&#8230;&#8230;&#8230;&#8230;&#8230;&#8230;&#8230;&#8230;153<br \/>\nCap\u00edtulo 5: El maravilloso afecto del divino amor&#8230;&#8230;.156<br \/>\nCap\u00edtulo 6: La prueba del verdadero amor&#8230;&#8230;&#8230;&#8230;&#8230;&#8230;.161<br \/>\nCap\u00edtulo 7: C\u00f3mo se debe cubrir la gracia&#8230;&#8230;&#8230;&#8230;&#8230;&#8230;.165<br \/>\nCap\u00edtulo 8: La baja estimaci\u00f3n de s\u00ed mismo&#8230;&#8230;&#8230;&#8230;&#8230;..169<br \/>\nCap\u00edtulo 9: Todas las cosas se deben referir a Dios&#8230;&#8230;171<br \/>\nCap\u00edtulo 10: Despreciar el mundo&#8230;&#8230;&#8230;&#8230;&#8230;&#8230;&#8230;&#8230;&#8230;&#8230;&#8230;.173<br \/>\nCap\u00edtulo 11: Los deseos del coraz\u00f3n<br \/>\n se deben examinar&#8230;&#8230;&#8230;&#8230;&#8230;&#8230;&#8230;&#8230;&#8230;&#8230;&#8230;&#8230;..176<br \/>\nCap\u00edtulo 12: Qu\u00e9 es la paciencia&#8230;&#8230;&#8230;&#8230;&#8230;&#8230;&#8230;&#8230;&#8230;&#8230;&#8230;&#8230;.178<br \/>\nCap\u00edtulo 13: La obediencia del s\u00fabdito humilde&#8230;&#8230;&#8230;..181<br \/>\nCap\u00edtulo 14: C\u00f3mo se deben considerar<br \/>\n los secretos juicios de Dios&#8230;&#8230;&#8230;&#8230;&#8230;&#8230;&#8230;&#8230;183<br \/>\nCap\u00edtulo 15: C\u00f3mo debe uno comportarse&#8230;&#8230;&#8230;&#8230;&#8230;&#8230;..185<br \/>\nCap\u00edtulo 16: S\u00f3lo en Dios se debe buscar<br \/>\n el verdadero consuelo&#8230;&#8230;&#8230;&#8230;&#8230;&#8230;&#8230;&#8230;&#8230;&#8230;&#8230;187<br \/>\nCap\u00edtulo 17: Toda nuestra atenci\u00f3n<br \/>\n se debe de poner en Dios&#8230;&#8230;&#8230;&#8230;&#8230;&#8230;&#8230;&#8230;&#8230;189<br \/>\nCap\u00edtulo 18: Sufrir con serenidad de \u00e1nimo<br \/>\n las miserias temporales&#8230;&#8230;&#8230;&#8230;&#8230;&#8230;&#8230;&#8230;&#8230;&#8230;191<br \/>\nCap\u00edtulo 19: La tolerancia a las injurias&#8230;&#8230;&#8230;&#8230;&#8230;&#8230;&#8230;&#8230;.193<br \/>\nCap\u00edtulo 20: La confesi\u00f3n de la propia flaqueza&#8230;&#8230;&#8230;&#8230;196<br \/>\nCap\u00edtulo 21: S\u00f3lo se debe descansar en Dios&#8230;&#8230;&#8230;&#8230;&#8230;..199<br \/>\nCap\u00edtulo 22: El recuerdo de los innumerables<br \/>\n beneficios de Dios&#8230;&#8230;&#8230;&#8230;&#8230;&#8230;&#8230;&#8230;&#8230;&#8230;&#8230;&#8230;&#8230;203<br \/>\nCap\u00edtulo 23: Cuatro cosas que causan paz&#8230;&#8230;&#8230;&#8230;&#8230;&#8230;&#8230;206<br \/>\nCap\u00edtulo 24: C\u00f3mo se debe evitar la curiosidad&#8230;&#8230;&#8230;..210<br \/>\nCap\u00edtulo 25: La paz firme del coraz\u00f3n&#8230;&#8230;&#8230;&#8230;&#8230;&#8230;&#8230;&#8230;&#8230;.211<br \/>\nCap\u00edtulo 26: La elevaci\u00f3n del esp\u00edritu libre&#8230;&#8230;&#8230;&#8230;&#8230;&#8230;..214<br \/>\nCap\u00edtulo 27: El amor propio nos desv\u00eda mucho&#8230;&#8230;&#8230;&#8230;216<br \/>\nCap\u00edtulo 28: Contra las lenguas maldicientes&#8230;&#8230;&#8230;&#8230;&#8230;.219<br \/>\nCap\u00edtulo 29: C\u00f3mo debemos llamar a Dios&#8230;&#8230;&#8230;&#8230;&#8230;&#8230;.220<br \/>\nCap\u00edtulo 30: C\u00f3mo se debe pedir el favor divino&#8230;&#8230;&#8230;.222<br \/>\nCap\u00edtulo 31: El desprecio de todas las criaturas&#8230;&#8230;&#8230;&#8230;.225<br \/>\nCap\u00edtulo 32: La abnegaci\u00f3n de s\u00ed mismo&#8230;&#8230;&#8230;&#8230;&#8230;&#8230;&#8230;&#8230;228<br \/>\nCap\u00edtulo 33: La inconstancia del coraz\u00f3n&#8230;&#8230;&#8230;&#8230;&#8230;&#8230;&#8230;.230<br \/>\nCap\u00edtulo 34: Dios es la mayor felicidad<br \/>\n que puede existir&#8230;&#8230;&#8230;&#8230;&#8230;&#8230;&#8230;&#8230;&#8230;&#8230;&#8230;&#8230;&#8230;..232<br \/>\nCap\u00edtulo 35: En vida es imposible<br \/>\n carecer de tentaciones&#8230;&#8230;&#8230;&#8230;&#8230;&#8230;&#8230;&#8230;&#8230;&#8230;..235<br \/>\nCap\u00edtulo 36: Contra los vanos<br \/>\n juicios de los hombres&#8230;&#8230;&#8230;&#8230;&#8230;&#8230;&#8230;&#8230;&#8230;&#8230;..237<br \/>\nCap\u00edtulo 37: La pura y entera renuncia de s\u00ed mismo&#8230;.239<br \/>\nCap\u00edtulo 38: El buen gobierno de las cosas exteriores&#8230;241<br \/>\nCap\u00edtulo 39: Que el hombre no sea<br \/>\n importuno en negocios&#8230;&#8230;&#8230;&#8230;&#8230;&#8230;&#8230;&#8230;&#8230;&#8230;243<br \/>\nCap\u00edtulo 40: Ning\u00fan bien tiene el hombre suyo&#8230;&#8230;&#8230;&#8230;245<br \/>\nCap\u00edtulo 41: El desprecio de toda honra temporal&#8230;&#8230;..248<br \/>\nCap\u00edtulo 42: Nuestra paz no debe<br \/>\n depender de hombres&#8230;&#8230;&#8230;&#8230;&#8230;&#8230;&#8230;&#8230;&#8230;&#8230;&#8230;249<br \/>\nCap\u00edtulo 43: Contra la ciencia vana del mundo&#8230;&#8230;&#8230;&#8230;251<br \/>\nCap\u00edtulo 44: No se deben buscar<br \/>\n las cosas exteriores&#8230;&#8230;&#8230;&#8230;&#8230;&#8230;&#8230;&#8230;&#8230;&#8230;&#8230;&#8230;..254<br \/>\nCap\u00edtulo 45: No se debe creer a todos&#8230;&#8230;&#8230;&#8230;&#8230;&#8230;&#8230;&#8230;&#8230;.255<br \/>\nCap\u00edtulo 46: La confianza que debemos<br \/>\n tener en Dios&#8230;&#8230;&#8230;&#8230;&#8230;&#8230;&#8230;&#8230;&#8230;&#8230;&#8230;&#8230;&#8230;&#8230;&#8230;..259<br \/>\nCap\u00edtulo 47: Todas las cosas pasadas se deben<br \/>\n padecer por la vida eterna&#8230;&#8230;&#8230;&#8230;&#8230;&#8230;&#8230;&#8230;.262<br \/>\nCap\u00edtulo 48: El d\u00eda de la eternidad y<br \/>\n de las angustias de esta vida&#8230;&#8230;&#8230;&#8230;&#8230;&#8230;&#8230;.264<br \/>\nCap\u00edtulo 49: El deseo de la vida eterna&#8230;&#8230;&#8230;&#8230;&#8230;&#8230;&#8230;&#8230;&#8230;268<br \/>\nCap\u00edtulo 50: Se debe ofrecer en las manos de Dios&#8230;&#8230;272<br \/>\nCap\u00edtulo 51: Debemos emplearnos<br \/>\n en ejercicios humildes&#8230;&#8230;&#8230;&#8230;&#8230;&#8230;&#8230;&#8230;&#8230;&#8230;.276<br \/>\nCap\u00edtulo 52: El hombre no se repute<br \/>\n por digno de consuelo&#8230;&#8230;&#8230;&#8230;&#8230;&#8230;&#8230;&#8230;&#8230;&#8230;.278<br \/>\nCap\u00edtulo 53: La gracia de Dios no<br \/>\n se mezcla con el gusto&#8230;&#8230;&#8230;&#8230;&#8230;&#8230;&#8230;&#8230;&#8230;&#8230;..281<br \/>\nCap\u00edtulo 54: Los diversos movimientos<br \/>\n de la naturaleza y de la gracia&#8230;&#8230;&#8230;&#8230;&#8230;&#8230;..284<br \/>\nCap\u00edtulo 55: La corrupci\u00f3n de la naturaleza&#8230;&#8230;&#8230;&#8230;&#8230;&#8230;290<br \/>\nCap\u00edtulo 56: Debemos negarnos<br \/>\n a nosotros mismos&#8230;&#8230;&#8230;&#8230;&#8230;&#8230;&#8230;&#8230;&#8230;&#8230;&#8230;&#8230;..294<br \/>\nCap\u00edtulo 57: No debe acobardarse demasiado<br \/>\n el que cae en algunas faltas&#8230;&#8230;&#8230;&#8230;&#8230;&#8230;&#8230;..297<br \/>\nCap\u00edtulo 58: No se deben escudri\u00f1ar<br \/>\n las cosas altas&#8230;&#8230;&#8230;&#8230;&#8230;&#8230;&#8230;&#8230;&#8230;&#8230;&#8230;&#8230;&#8230;&#8230;&#8230;..299<br \/>\nCap\u00edtulo 59: Toda la esperanza se debe<br \/>\n poner en Dios&#8230;&#8230;&#8230;&#8230;&#8230;&#8230;&#8230;&#8230;&#8230;&#8230;&#8230;&#8230;&#8230;&#8230;&#8230;.304<\/p>\n<p>LIBRO CUARTO:<br \/>\nEL SANT\u00cdSIMO SACRAMENTO DEL ALTAR&#8230;&#8230;.307<br \/>\nExhortaci\u00f3n devota para la Sagrada Comuni\u00f3n&#8230;&#8230;&#8230;..309<br \/>\nCap\u00edtulo 1: Con cu\u00e1nta reverencia<br \/>\n se ha de recibir a Jesucristo&#8230;&#8230;&#8230;&#8230;&#8230;&#8230;&#8230;&#8230;311<br \/>\nCap\u00edtulo 2: La bondad y caridad de Dios&#8230;&#8230;&#8230;&#8230;&#8230;&#8230;&#8230;318<br \/>\nCap\u00edtulo 3: Es provechoso comulgar<br \/>\n con frecuencia&#8230;&#8230;&#8230;&#8230;&#8230;&#8230;&#8230;&#8230;&#8230;&#8230;&#8230;&#8230;&#8230;&#8230;&#8230;321<br \/>\nCap\u00edtulo 4: Los muchos bienes que se conceden&#8230;&#8230;..324<br \/>\nCap\u00edtulo 5: La dignidad del Sacramento&#8230;&#8230;&#8230;&#8230;&#8230;&#8230;&#8230;.328<br \/>\nCap\u00edtulo 6: Ejercicios para antes de la comuni\u00f3n&#8230;&#8230;..331<br \/>\nCap\u00edtulo 7: El examen de la propia conciencia&#8230;&#8230;&#8230;..332<br \/>\nCap\u00edtulo 8: El ofrecimiento de Cristo en la Cruz&#8230;&#8230;..335<br \/>\nCap\u00edtulo 9: Debemos ofrecernos a Dios&#8230;&#8230;&#8230;&#8230;&#8230;&#8230;&#8230;..337<br \/>\nCap\u00edtulo 10: No se debe dejar f\u00e1cilmente<br \/>\n la Sagrada Comuni\u00f3n&#8230;&#8230;&#8230;&#8230;&#8230;&#8230;&#8230;&#8230;&#8230;&#8230;&#8230;340<br \/>\nCap\u00edtulo 11: El cuerpo de Cristo<br \/>\n y la Sagrada Escritura&#8230;&#8230;&#8230;&#8230;&#8230;&#8230;&#8230;&#8230;&#8230;&#8230;..344<br \/>\nCap\u00edtulo 12: Debe disponerse con gran diligencia&#8230;&#8230;..349<br \/>\nCap\u00edtulo 13: El alma devota debe<br \/>\n desear unirse a Cristo&#8230;&#8230;&#8230;&#8230;&#8230;&#8230;&#8230;&#8230;&#8230;&#8230;..352<br \/>\nCap\u00edtulo 14: El ansia con que algunos devotos<br \/>\n desean el Cuerpo de Cristo&#8230;&#8230;&#8230;&#8230;&#8230;&#8230;&#8230;&#8230;354<br \/>\nCap\u00edtulo 15: La devoci\u00f3n se alcanza<br \/>\n con la humildad&#8230;&#8230;&#8230;&#8230;&#8230;&#8230;&#8230;&#8230;&#8230;&#8230;&#8230;&#8230;&#8230;&#8230;356<br \/>\nCap\u00edtulo 16: Debemos manifestar a Cristo<br \/>\n nuestras necesidades&#8230;&#8230;&#8230;&#8230;&#8230;&#8230;&#8230;&#8230;&#8230;&#8230;&#8230;.359<br \/>\nCap\u00edtulo 17: El amor fervoroso y deseo<br \/>\n de recibir a Cristo&#8230;&#8230;&#8230;&#8230;&#8230;&#8230;&#8230;&#8230;&#8230;&#8230;&#8230;&#8230;&#8230;.361<br \/>\nCap\u00edtulo 18: El hombre no debe ser curioso<br \/>\n en examinar este Sacramento&#8230;&#8230;&#8230;&#8230;&#8230;&#8230;..364<\/p>\n","protected":false},"excerpt":{"rendered":"<p>Este libro que tienes en tus manos fue escrito hace m\u00e1s de 500 a\u00f1os; varias d\u00e9cadas antes de que se difundiera la imprenta. Por lo tanto, al principio se hicieron copias manuscritas, algunas de las cuales se encuentran en diversas bibliotecas.<\/p>\n","protected":false},"featured_media":692,"comment_status":"open","ping_status":"closed","template":"","meta":[],"product_brand":[],"product_cat":[18],"product_tag":[],"class_list":{"0":"post-691","1":"product","2":"type-product","3":"status-publish","4":"has-post-thumbnail","6":"product_cat-libros-virtuales-pdf","8":"first","9":"instock","10":"downloadable","11":"virtual","12":"purchasable","13":"product-type-simple"},"_links":{"self":[{"href":"https:\/\/cursoslazostv.com\/index.php\/wp-json\/wp\/v2\/product\/691","targetHints":{"allow":["GET"]}}],"collection":[{"href":"https:\/\/cursoslazostv.com\/index.php\/wp-json\/wp\/v2\/product"}],"about":[{"href":"https:\/\/cursoslazostv.com\/index.php\/wp-json\/wp\/v2\/types\/product"}],"replies":[{"embeddable":true,"href":"https:\/\/cursoslazostv.com\/index.php\/wp-json\/wp\/v2\/comments?post=691"}],"wp:featuredmedia":[{"embeddable":true,"href":"https:\/\/cursoslazostv.com\/index.php\/wp-json\/wp\/v2\/media\/692"}],"wp:attachment":[{"href":"https:\/\/cursoslazostv.com\/index.php\/wp-json\/wp\/v2\/media?parent=691"}],"wp:term":[{"taxonomy":"product_brand","embeddable":true,"href":"https:\/\/cursoslazostv.com\/index.php\/wp-json\/wp\/v2\/product_brand?post=691"},{"taxonomy":"product_cat","embeddable":true,"href":"https:\/\/cursoslazostv.com\/index.php\/wp-json\/wp\/v2\/product_cat?post=691"},{"taxonomy":"product_tag","embeddable":true,"href":"https:\/\/cursoslazostv.com\/index.php\/wp-json\/wp\/v2\/product_tag?post=691"}],"curies":[{"name":"wp","href":"https:\/\/api.w.org\/{rel}","templated":true}]}}