{"id":701,"date":"2019-12-24T20:41:35","date_gmt":"2019-12-25T01:41:35","guid":{"rendered":"https:\/\/cursoslazostv.com\/?post_type=product&#038;p=701"},"modified":"2026-03-10T13:45:39","modified_gmt":"2026-03-10T18:45:39","slug":"el-combate-espiritual","status":"publish","type":"product","link":"https:\/\/cursoslazostv.com\/index.php\/product\/el-combate-espiritual\/","title":{"rendered":"El Combate Espiritual (DIGITAL &#8211; PDF)"},"content":{"rendered":"<div class=\"su-note\"  style=\"border-color:#c6cbcd;border-radius:3px;-moz-border-radius:3px;-webkit-border-radius:3px;\"><div class=\"su-note-inner su-u-clearfix su-u-trim\" style=\"background-color:#e0e5e7;border-color:#ffffff;color:#333333;border-radius:3px;-moz-border-radius:3px;-webkit-border-radius:3px;\"><em>* Los libros que ofrecemos en <strong>LAZOStv.com<\/strong> son en <strong>formato digital-PDF,<\/strong> si deseas comprar este libro en formato f\u00edsico, p\u00eddelo en una de las librer\u00edas de Lazos de Amor Mariano. <strong>(Consulta <a href=\"http:\/\/www.lazosdeamormariano.net\/donde-estamos\" rel=\"noopener noreferrer\" target=\"_blank\">AQU\u00cd<\/a> la m\u00e1s cercana)<\/strong><\/em><\/div><\/div>\n<p>Monse\u00f1or Pedro Camus en su hermoso libro titulado: \u201cEl esp\u00edritu de san Francisco de Sales\u201d (cuya lectura recomendamos porque hace un gran bien) cuenta lo siguiente: \u201cYo le pregunt\u00e9 a san Francisco qui\u00e9n era su director o maestro de esp\u00edritu, y me respondi\u00f3 sacando del<br \/>\nbolsillo el librito \u201cEL COMBATE ESPIRITUAL\u201d. \u201c\u00c9ste es el que con la ayuda divina me ha gobernado y guiado desde mi juventud; \u00e9ste es mi maestro y director de las cosas de esp\u00edritu y de la vida interior. Desde que, siendo un estudiante en la Universidad de Padua, un Padre Teatino me lo recomend\u00f3 y me aconsej\u00f3 que lo leyera frecuentemente, he seguido su consejo y me ha resultado sumamente provechoso. Fue<br \/>\ncompuesto por un sacerdote muy santo de esa comunidad\u201d.<\/p>\n<p>El mismo monse\u00f1or Camus cuenta que aunque san Francisco de Sales estimaba y aconsejaba mucho el bell\u00edsimo libro \u201cImitaci\u00f3n de Cristo\u201d, sin embargo aconsejaba todav\u00eda m\u00e1s la lectura de \u201cEl Combate Espiritual\u201d. Y a\u00f1ade: \u201cEntre los libros de lectura espiritual que recomendaba nuestro santo, por el que m\u00e1s alta estimaci\u00f3n sent\u00eda era por El Combate Espiritual. No se cansaba de recomendar su lectura, y declaraba que \u00e9l lo hab\u00eda llevado consigo por m\u00e1s de diecisiete a\u00f1os continuos, leyendo cada d\u00eda un cap\u00edtulo, y recibiendo siempre luces celestiales cada<br \/>\nvez que hac\u00eda all\u00ed alguna lectura.<\/p>\n<p>Muchas de las ense\u00f1anzas que san Francisco de Sales trae en su famoso libro \u201cFilotea, o Introducci\u00f3n a la vida devota\u201d, est\u00e1n tomadas de El Combate Espiritual. Entre los libros que all\u00ed recomienda para progresar en la vida de perfecci\u00f3n, est\u00e1 en primera l\u00ednea El Combate Espiritual.<\/p>\n","protected":false},"excerpt":{"rendered":"<p>Monse\u00f1or Pedro Camus en su hermoso libro titulado: \u201cEl esp\u00edritu de san Francisco de Sales\u201d (cuya lectura recomendamos porque hace un gran bien) cuenta lo siguiente: \u201cYo le pregunt\u00e9 a san Francisco qui\u00e9n era su director o maestro de esp\u00edritu, y me respondi\u00f3 sacando del<br \/>\nbolsillo el librito \u201cEL COMBATE ESPIRITUAL\u201d.<\/p>\n","protected":false},"featured_media":702,"comment_status":"open","ping_status":"closed","template":"","meta":[],"product_brand":[],"product_cat":[18],"product_tag":[],"class_list":{"0":"post-701","1":"product","2":"type-product","3":"status-publish","4":"has-post-thumbnail","6":"product_cat-libros-virtuales-pdf","8":"first","9":"instock","10":"downloadable","11":"virtual","12":"purchasable","13":"product-type-simple"},"_links":{"self":[{"href":"https:\/\/cursoslazostv.com\/index.php\/wp-json\/wp\/v2\/product\/701","targetHints":{"allow":["GET"]}}],"collection":[{"href":"https:\/\/cursoslazostv.com\/index.php\/wp-json\/wp\/v2\/product"}],"about":[{"href":"https:\/\/cursoslazostv.com\/index.php\/wp-json\/wp\/v2\/types\/product"}],"replies":[{"embeddable":true,"href":"https:\/\/cursoslazostv.com\/index.php\/wp-json\/wp\/v2\/comments?post=701"}],"wp:featuredmedia":[{"embeddable":true,"href":"https:\/\/cursoslazostv.com\/index.php\/wp-json\/wp\/v2\/media\/702"}],"wp:attachment":[{"href":"https:\/\/cursoslazostv.com\/index.php\/wp-json\/wp\/v2\/media?parent=701"}],"wp:term":[{"taxonomy":"product_brand","embeddable":true,"href":"https:\/\/cursoslazostv.com\/index.php\/wp-json\/wp\/v2\/product_brand?post=701"},{"taxonomy":"product_cat","embeddable":true,"href":"https:\/\/cursoslazostv.com\/index.php\/wp-json\/wp\/v2\/product_cat?post=701"},{"taxonomy":"product_tag","embeddable":true,"href":"https:\/\/cursoslazostv.com\/index.php\/wp-json\/wp\/v2\/product_tag?post=701"}],"curies":[{"name":"wp","href":"https:\/\/api.w.org\/{rel}","templated":true}]}}