{"id":7170,"date":"2023-05-09T09:02:09","date_gmt":"2023-05-09T14:02:09","guid":{"rendered":"https:\/\/cursoslazostv.com\/?post_type=product&#038;p=7170"},"modified":"2026-03-10T13:42:43","modified_gmt":"2026-03-10T18:42:43","slug":"cancionero-catolico","status":"publish","type":"product","link":"https:\/\/cursoslazostv.com\/index.php\/product\/cancionero-catolico\/","title":{"rendered":"Cancionero Cat\u00f3lico &#8211; Con Acordes para Guitarra (DIGITAL &#8211; PDF)"},"content":{"rendered":"<div class=\"su-note\"  style=\"border-color:#c6cbcd;border-radius:3px;-moz-border-radius:3px;-webkit-border-radius:3px;\"><div class=\"su-note-inner su-u-clearfix su-u-trim\" style=\"background-color:#e0e5e7;border-color:#ffffff;color:#333333;border-radius:3px;-moz-border-radius:3px;-webkit-border-radius:3px;\"><em>* Los libros que ofrecemos en <strong>LAZOStv.com<\/strong> son en <strong>formato digital-PDF,<\/strong> si deseas comprar este libro en formato f\u00edsico, p\u00eddelo en una de las librer\u00edas de Lazos de Amor Mariano. <strong>(Consulta <a href=\"http:\/\/www.lazosdeamormariano.net\/donde-estamos\" rel=\"noopener noreferrer\" target=\"_blank\">AQU\u00cd<\/a> la m\u00e1s cercana)<\/strong><\/em><\/div><\/div>\n<p>En este Cancionero Cat\u00f3lico, encontrar\u00e1s una amplia variedad de canciones cat\u00f3licas, (Generalmente las m\u00e1s comunes en Lazos de Amor Mariano). Adem\u00e1s, cada canci\u00f3n viene acompa\u00f1ada de sus acordes para guitarra, lo que te permitir\u00e1 tocar y cantar al mismo tiempo.<\/p>\n<p>Si eres un m\u00fasico aficionado o un experimentado guitarrista, este cancionero es para ti. Con \u00e9l, podr\u00e1s ampliar tu repertorio de m\u00fasica cat\u00f3lica y explorar nuevas formas de expresar tu amor y gratitud hacia Dios. Tambi\u00e9n es una herramienta \u00fatil para grupos de oraci\u00f3n, retiros y coros parroquiales, ya que permite una f\u00e1cil interpretaci\u00f3n en conjunto.<\/p>\n<p>Un plus de este cancionero es que podr\u00e1s descargar las \u00faltimas actualizaciones, adem\u00e1s cuenta con una secci\u00f3n de recursos que nos ser\u00e1n de gran ayuda al momento de enfrentarnos a cualquier toque.<\/p>\n<div style=\"position: relative; padding-bottom: 56.25%; height: 0;\">\n    <iframe style=\"position: absolute; top: 0; left: 0; width: 100%; height: 100%;\" src=\"https:\/\/cursoslazostv.com\/wp-content\/uploads\/2023\/05\/CANCIONERO.mp4\" frameborder=\"0\" allowfullscreen><\/iframe>\n<\/div>\n","protected":false},"excerpt":{"rendered":"<p>En este Cancionero Cat\u00f3lico, encontrar\u00e1s una amplia variedad de canciones cat\u00f3licas, (Generalmente las m\u00e1s comunes en Lazos de Amor Mariano). Adem\u00e1s, cada canci\u00f3n viene acompa\u00f1ada de sus acordes para guitarra, lo que te permitir\u00e1 tocar y cantar al mismo tiempo.<\/p>\n","protected":false},"featured_media":8784,"comment_status":"open","ping_status":"closed","template":"","meta":[],"product_brand":[],"product_cat":[18],"product_tag":[],"class_list":{"0":"post-7170","1":"product","2":"type-product","3":"status-publish","4":"has-post-thumbnail","6":"product_cat-libros-virtuales-pdf","8":"first","9":"instock","10":"downloadable","11":"virtual","12":"purchasable","13":"product-type-simple"},"_links":{"self":[{"href":"https:\/\/cursoslazostv.com\/index.php\/wp-json\/wp\/v2\/product\/7170","targetHints":{"allow":["GET"]}}],"collection":[{"href":"https:\/\/cursoslazostv.com\/index.php\/wp-json\/wp\/v2\/product"}],"about":[{"href":"https:\/\/cursoslazostv.com\/index.php\/wp-json\/wp\/v2\/types\/product"}],"replies":[{"embeddable":true,"href":"https:\/\/cursoslazostv.com\/index.php\/wp-json\/wp\/v2\/comments?post=7170"}],"wp:featuredmedia":[{"embeddable":true,"href":"https:\/\/cursoslazostv.com\/index.php\/wp-json\/wp\/v2\/media\/8784"}],"wp:attachment":[{"href":"https:\/\/cursoslazostv.com\/index.php\/wp-json\/wp\/v2\/media?parent=7170"}],"wp:term":[{"taxonomy":"product_brand","embeddable":true,"href":"https:\/\/cursoslazostv.com\/index.php\/wp-json\/wp\/v2\/product_brand?post=7170"},{"taxonomy":"product_cat","embeddable":true,"href":"https:\/\/cursoslazostv.com\/index.php\/wp-json\/wp\/v2\/product_cat?post=7170"},{"taxonomy":"product_tag","embeddable":true,"href":"https:\/\/cursoslazostv.com\/index.php\/wp-json\/wp\/v2\/product_tag?post=7170"}],"curies":[{"name":"wp","href":"https:\/\/api.w.org\/{rel}","templated":true}]}}